h) is divided by 4.
1
Suppose 2*y - 134 = -2*f, 0*f - 2*y - 201 = -3*f. Let r = 34 - f. What is the remainder when 1 - 3/(-3) - r is divided by 9?
8
Let m = -114 + 47. Let s = m - -290. What is the remainder when s is divided by 56?
55
Let p = -251 + 254. Let s(o) = -o - 7. Let q be s(-7). Suppose q*v - 5*v + p*m = -185, -2*v + 74 = -m. What is the remainder when v is divided by 13?
11
Suppose -8*j + 363 = -3*j - 3*c, -364 = -5*j + 4*c. Suppose -57*x - 2805 = -j*x. What is the remainder when x is divided by 10?
7
Let a(u) = 54*u**2 - 201*u - 810. Calculate the remainder when a(-4) is divided by 142.
6
What is the remainder when 1128 is divided by (1/2)/((-111)/(-36186))?
150
Suppose 118 = 11*s - 102. Suppose -4*q + s*q = 2096. What is the remainder when q is divided by 32?
3
Suppose -31*u - c - 930 = -34*u, u = 4*c + 321. Calculate the remainder when 1245 is divided by u.
9
What is the remainder when ((-44)/(-14))/((-9)/(-7245)) is divided by 834?
28
Suppose 5599*s - 3*x = 5600*s - 141, 5*s - 3*x = 795. What is the remainder when s is divided by 2/1*(-79)/(-2)?
77
Let o(n) = 26*n**2 + n - 2. Suppose -51*q + 52*q - 6 = 0. Suppose q*k + 60 = 12*k. What is the remainder when o(1) is divided by k?
5
Let j = -18 + 23. Suppose -b - 515 = -6*b. Suppose -j*z - x + 58 = -60, 5*z - b = 4*x. What is the remainder when 88 is divided by z?
19
Suppose -11*z + 2495 - 966 = 0. Calculate the remainder when z is divided by (-60)/6*(-24)/15.
11
Let c(h) = -18*h - 91. Let w be c(-8). Suppose o - w = -0*y - 5*y, 4 = -2*o. Calculate the remainder when 263 is divided by y.
10
Let z = 50 + 53. Calculate the remainder when z is divided by (-26)/(-3) + -5 + 52/12.
7
Suppose 60 = 2*k - 0*k. What is the remainder when 102 + -1 - (-151 + 164) is divided by k?
28
Let l = 4054 - 3896. What is the remainder when 943 is divided by l?
153
Let c(r) = -12*r + 27*r**2 + 26*r**2 + 19 - 23*r - 56*r**2. Calculate the remainder when c(-11) is divided by 6.
5
Let i(q) = 4443*q - 325. Calculate the remainder when i(1) is divided by 10.
8
What is the remainder when 3/6*2*106 is divided by -35 + 43 + (7 - -3)?
16
Suppose 5*g - 2*t - 49 = 0, 4*t - 120 = -4*g - 8. Let v = -248 + 143. Let c = v + 164. What is the remainder when c is divided by g?
14
Suppose -24529 - 128207 = -48*v. Calculate the remainder when v is divided by 5.
2
Let x = -1309 + 1284. Let u = 120 - 69. Let m = x + u. Calculate the remainder when 75 is divided by m.
23
Suppose -30*u = 16*u - 203 + 65. Calculate the remainder when 4554 is divided by u.
0
Let h be -2 - (-138)/42 - (-4)/(-14). Calculate the remainder when h*3*654/18 is divided by 3.
1
Suppose 1471 = 14*k - 111. Suppose -3*t + k + 1176 = -2*p, -5*p = 4*t - 1711. Suppose -8*l - 13 = -t. What is the remainder when l is divided by 18?
16
Suppose -5*t - 30 = 0, -3*g - 9*t = -8*t - 87. What is the remainder when 1765 is divided by g?
29
Let p = 47 + -64. Let f(s) = -s**3 - 15*s**2 + 2*s - 35. Let h be f(p). Suppose -15*d + 76 + h = 0. What is the remainder when d is divided by 16?
7
Suppose 0*w + 2*w = 44. Suppose 11*p = -5*j + 8*p + 2, 12 = -4*j + p. What is the remainder when w is divided by -4 + -12*j*2/4?
6
Let k be 4 - (-5 - -3)*-5. Let y(b) = -2*b + 15. Suppose -3*r = 4*w - 15 - 132, 2*w + 6 = 0. Calculate the remainder when r is divided by y(k).
26
Let q be ((-26)/6)/(4/(-420)). Let z = -381 + q. Calculate the remainder when z is divided by 39.
35
Let m(i) = 2*i - 19. Let s be m(10). Calculate the remainder when 3 - (4 - s) - -1*63 is divided by ((-52)/10)/((-2)/5).
11
Suppose 4*f = -4*y + 72, -4*y - 3*f + 0*f + 78 = 0. What is the remainder when 6214 is divided by y?
22
Let h(p) = 5*p**2 - 6*p + 13. Let o be h(-7). Suppose o + 372 = 4*k. Calculate the remainder when k is divided by 38.
16
Suppose 11*t - 949 + 2501 = 27*t. What is the remainder when 164 is divided by t?
67
Let t = 131 + -209. Let i = -78 - t. Calculate the remainder when 76 is divided by 4 + 22 + (i + 0)/1.
24
Suppose 10*u - 677 = -597. Calculate the remainder when 1133 is divided by u.
5
Let c(i) = i**2 - 16*i - 33. Let h be c(18). Suppose 2*k - 3*k + h*t + 20 = 0, -2*k = 2*t. What is the remainder when 10 is divided by k?
0
Let c be (28/(-35))/(4/(-10)). Let h be (13 - 11)/(c/(-49)). Calculate the remainder when (2 - (h - -3)) + (-10)/5 is divided by 10.
6
Suppose 0 = -3*b - 5*o + 124, 0 = -2*b + 4*o + 67 - 21. Suppose 3*q - b = 4*x, 0 = 2*q - 6*q - x + 63. What is the remainder when q is divided by 3?
0
Let p = 119 - 56. Suppose 101 + p = 4*s. Suppose u - s = -18. Calculate the remainder when 60 is divided by u.
14
Suppose -4*z + 3*z + 20 = 0. Suppose i + 228 = 4*f, 3*f - 78 = 2*f - 5*i. Calculate the remainder when f is divided by z.
18
Let u = 251 + -249. What is the remainder when (-1308)/(6 - 9)*2/u is divided by 49?
44
Calculate the remainder when (1121/38)/(1/22) is divided by 31.
29
Let x(g) = -g**3 + 22*g**2 + 72*g + 182. Calculate the remainder when x(25) is divided by 38.
31
Let t(x) = 11*x**2 + 11*x - 14. Let c(l) = 3*l**2 + 13*l + 9. Calculate the remainder when t(4) is divided by c(-5).
16
Let w be ((-116)/6)/((-1)/6). What is the remainder when 115 is divided by 9/2 + -4 + w/8?
10
Let a(x) = 2*x**2 + 2*x - 2. Suppose 201*y + 79 = 203*y + i, i - 157 = -4*y. Calculate the remainder when y is divided by a(2).
9
Let t(z) = -5*z + 1. Suppose -5*h = 3*p - 188, 0 = h + 5*p + 6 - 48. What is the remainder when h is divided by t(-5)?
11
Let a(g) = 1 + 6 - 17*g**2 + 119*g + 20*g**2 + 25 + 0. What is the remainder when 212 is divided by a(-40)?
68
Suppose 2*y = 3*h - 199, -3*h + y + 3*y = -209. Let t be 494/(-14) + 12/42. Let s = h + t. What is the remainder when s is divided by 6?
4
Let f be -340*(-6)/12 + 7. Suppose -3*q = -0*q - f. Calculate the remainder when q is divided by 52.
7
Let l(r) = 44*r - 18. Let f(d) = -d. Let u(t) = -3*f(t) - l(t). What is the remainder when u(-3) is divided by 18?
15
Let a(n) = n**2 + 5. Suppose -4*g - 2*l - 10 = 0, -g + 2*l = -0*l - 10. Suppose g = -2*u + 11 - 1. What is the remainder when a(u) is divided by 16?
14
Calculate the remainder when (-67)/402 + (-3)/((-18)/31) + -2 is divided by 1.
0
Suppose 4*s - 21 = 3. What is the remainder when 12/(-5)*(10/(-20) - 2) is divided by s?
0
Let r be (12/1*6/(-8))/(-1). Let u(w) = -w**2 + 15*w - 47. Let m be u(r). Suppose -5*c - 54 = -m*c. Calculate the remainder when 52 is divided by c.
25
Let v(w) = 2*w**3 - 4*w**2 - 6*w - 3. Let l be v(5). Let g(t) = -330*t - 3205. Let y be g(-10). Let d = l - y. Calculate the remainder when 152 is divided by d.
20
Calculate the remainder when 361 is divided by ((-16)/(-6))/(9*(-54)/(-5103)).
25
Suppose 2*o - 15 = -t, -3*t - t = -3*o - 27. Suppose t*p = 35*p - 260. What is the remainder when 64 is divided by p?
4
Let d = 5260 + -2268. Calculate the remainder when d is divided by 7.
3
Let r(c) = -c**3 + 9*c**2 - 11*c - 16. Let o be (-4 - (-188)/16) + (-6)/8. Calculate the remainder when 5 is divided by r(o).
0
Suppose 1035*u + 176 = 1046*u. Calculate the remainder when ((-150)/9)/(6/(-9)) is divided by u.
9
Suppose -p = -3*p + 5*s + 433, 3*p + 5*s - 687 = 0. What is the remainder when p is divided by 70?
14
Suppose -5*r = -0*z + z + 71, 3*z + 4*r = -169. Let g = -35 + 49. Calculate the remainder when 3/((-18)/z)*(-17 - -25) is divided by g.
12
Let m = 32 + -7. Suppose -70*d + 20356 + 8191 - 7897 = 0. Calculate the remainder when d is divided by m.
20
Suppose 8*y + 104 = 4*y. Let h = y + -1. Let v = h - -52. Calculate the remainder when v is divided by 10.
5
Let x(a) = 2*a**2 - 16*a - 9 + 25 - a**2 - 2*a**2. Suppose 2*n - 84 = 8*n. What is the remainder when x(n) is divided by 16?
12
Let o(a) = -182*a + 2921. Calculate the remainder when 390 is divided by o(16).
3
What is the remainder when 6409 is divided by (-8)/4*((-900)/40 + 17)?
7
Let k be ((-3)/((-30)/4))/(4/20). Suppose k*b = b + 501. Suppose 28*g + b = 31*g. Calculate the remainder when g is divided by 43.
38
Suppose 0 = -3*y + 2*g + 411, -y + 3*g + 77 = -74. Calculate the remainder when 4385 is divided by y.
129
Suppose 0 = -3*s - 6, -2*t + 5*s = -0*t - 28. Let q(r) = -r**2 + 10*r + 20. Let b = 134 + -78. What is the remainder when b is divided by q(t)?
27
Suppose -285*s + 507*s + 576 = 246*s. Calculate the rema